 + 1. Let w = 8 + -4. What are the prime factors of p(w)?
5
Let y(w) = 2*w**3 + 22*w**2 + 4*w - 40. What are the prime factors of y(-9)?
2, 31
What are the prime factors of -1 + 49374/15 + (-48)/80?
2, 5, 7, 47
Let s(u) = u**2 - 14*u + 18. Let k be s(12). What are the prime factors of (-2 - 8/(-5))*(-584 + k)?
2, 59
List the prime factors of 5 - -2 - (-72018)/18.
2, 3, 167
Let m = 18 + -15. Suppose 0*p = p + m, 2*w - 19 = 5*p. Suppose 3*o - 180 = -w*o. What are the prime factors of o?
2, 3
Suppose 0 = -15*a - 7*a + 12298. List the prime factors of a.
13, 43
Let f(p) = 2*p**2 + 27*p - 1. What are the prime factors of f(-24)?
503
Let w(u) = -u**2 - 21*u - 22. Let k be w(-20). Suppose 4 = -4*x + 3*x. List the prime factors of 1*(k - x) - -3.
5
List the prime factors of 4/(6 + 15136/(-2524)).
2, 631
Let i be -1*(-4)/8*386/1. Suppose -i - 101 = -a. What are the prime factors of a?
2, 3, 7
What are the prime factors of (-56)/(-126) - (-302)/9?
2, 17
Let q(v) = -2*v**3 - v**2 + 1. Let k be q(1). Let r be (k/(-4))/((-3)/(-210)). Suppose -r = -2*t + 4*o + o, o + 55 = 2*t. What are the prime factors of t?
2, 3, 5
Let f(k) = k**3 - 5*k**2 + 21*k + 12. List the prime factors of f(10).
2, 19
What are the prime factors of 0 + (-4 - -2700) - 10/2?
3, 13, 23
Let y(z) = 539*z**2 + 5*z - 4. What are the prime factors of y(3)?
2, 11, 13, 17
Let a(t) = -211*t - 39. What are the prime factors of a(-2)?
383
Let o = 11 + -9. Suppose -4*h + 1202 = 4*a - 2*a, 0 = o*a - 6. List the prime factors of h.
13, 23
Let l(j) = -49*j - 5. Let a(m) = -50*m - 6. Let b(o) = 6*a(o) - 7*l(o). Let s be b(-1). Let q = -18 - s. List the prime factors of q.
2, 13
Let r(u) = -u**3 + 4*u**2 + 5*u - 6. Let g be r(5). Let n be 32/(-12) + (-4)/g. What are the prime factors of (3/(-2))/(n/32)?
2, 3
Suppose -2*g - 2 = -4*m + 14, -2*m = -5*g - 24. Suppose 0 = l, m*l = u - 0*l. Suppose -w + 4 + 1 = u. List the prime factors of w.
5
What are the prime factors of 410 - 1/(3/(-9))?
7, 59
Let x(v) = 7*v**2 - 11*v - 36. List the prime factors of x(-8).
2, 5
Let b(g) be the first derivative of 21*g**2/2 + g + 1. Suppose -74 = 5*i - 79. List the prime factors of b(i).
2, 11
Let w(b) = 107*b + 5. Let g be w(-3). Let s = g + 573. What are the prime factors of s?
257
Let h = 237 - 69. Suppose 2*u - h = -2*s, -2*s + 172 = u + 9. What are the prime factors of s?
79
Let a(m) be the first derivative of -17*m**2/2 - 14*m + 9. What are the prime factors of a(-5)?
71
Suppose -101*z + 91*z + 40630 = 0. What are the prime factors of z?
17, 239
Suppose -k = -2*p - 14, -4*p = -5*k - 2 + 42. Suppose -3*s + 879 = k*t, 7*t - 12*t + 1070 = -2*s. What are the prime factors of t?
2, 3
Suppose -306 = 15*p + 2*p. Let f(x) = 23*x + 2. Let s be f(-2). Let w = p - s. What are the prime factors of w?
2, 13
Let b be ((-48)/(-28))/((-6)/(-21)). Let d = b + -10. List the prime factors of 1/((d/108)/(-1)).
3
Let v = -343 + 913. List the prime factors of v.
2, 3, 5, 19
Let s = -68 - -12. Let r = -30 - s. What are the prime factors of r?
2, 13
Let q(a) = 14*a + 301. What are the prime factors of q(-5)?
3, 7, 11
Let t(h) = -109*h - 2. Let b(c) = c**2 - 6*c - 1. Let q be b(6). List the prime factors of t(q).
107
Let p = 1245 - 643. Suppose -12*a + 5*a = -p. What are the prime factors of a?
2, 43
Let i = 229 - 132. What are the prime factors of i?
97
Suppose 55 = 5*i - 15. Let v(p) = p**3 - 13*p**2 - 15*p + 21. Let z be v(i). Suppose -22 = -f - z. List the prime factors of f.
3, 5
What are the prime factors of (-2)/(-6) - ((-50130)/27 + 1)?
2, 29
Suppose 5*l = -2*p + 1113, -10*l + 11*l = 2*p - 1107. What are the prime factors of p?
2, 277
Suppose 201*z + 34416 = 219*z. What are the prime factors of z?
2, 239
Suppose 6 = 17*f - 20*f. Let a(x) = 5*x**2 + 7*x - 2. Let j(q) = 26*q**2 + 36*q - 10. Let s(r) = f*j(r) + 11*a(r). List the prime factors of s(3).
2, 5
Let p = 168 + 670. What are the prime factors of p?
2, 419
Let b = 26 + -25. Suppose -4*f - s + b = -0, s = 5*f + 1. Suppose -170 = -5*m - f*m. List the prime factors of m.
2, 17
Suppose 3*n - 3 = 4*n. Let x be (-15)/n + 2 + 3. Let v = 4 + x. List the prime factors of v.
2, 7
Let l = -4918 + 8877. List the prime factors of l.
37, 107
List the prime factors of 3 - -550 - 25/(5 - 10).
2, 3, 31
Let b(t) = t**2 + 18*t - 17. Let u be b(-19). Suppose 0 = 7*i - 6*i - u. Let m(k) = k**3 + 3*k**2 - 2*k + 2. What are the prime factors of m(i)?
2, 3
Let j(a) = -a**2 - a + 3. Let w be j(-3). Let r be 272/2*w/(-6). Suppose -10*d + r = -6*d. List the prime factors of d.
17
Suppose -4*u - 3 + 11 = 0. Let r be -4 + (424/2)/u. List the prime factors of 14/(-21)*r/(-2).
2, 17
Suppose 2*k - 5*d - 1098 = -2*k, -d - 274 = -k. List the prime factors of (k/(-10))/(5/(-125)*5).
2, 17
Suppose 5*n = -3*d + 3175, -d + 4*n = 4*d - 5267. List the prime factors of d.
5, 211
Let i be (-246)/(-48) + -5 - 2663/(-8). Suppose -1271 + i = -7*t. What are the prime factors of t?
2, 67
List the prime factors of ((-10011)/94)/(9/(-330)).
5, 11, 71
Let l be 8/16 + 10/(-4). Let x be (-21)/l*(-28)/(-42). Suppose -2*b - 3*z - x = 0, 3*z + 47 = 3*b + 20. List the prime factors of b.
2
Let w(k) = k**2 - 7*k + 5. Let q be w(7). Suppose -2*g = -q*g + 210. Suppose -2*z - 3*z + g = 0. List the prime factors of z.
2, 7
Let y(k) = -k + k + 3 - 4*k + 0*k. Suppose 2*r = 2*t, -4*t + 3 = 19. List the prime factors of y(r).
19
Let g be -2*((-10)/4 + 0). Suppose -5*b - 433 = 2*r - 2217, 725 = 2*b - 3*r. Suppose -5*s + b = a - 4*a, -386 = -g*s - 4*a. List the prime factors of s.
2, 37
Suppose -3 = 7*c - 45. Suppose -c*k - 489 + 1455 = 0. List the prime factors of k.
7, 23
Suppose -5*u = -2*u + j - 263, -3*u - 5*j = -259. Suppose 482 = 5*v - 3*w + 2*w, -4*w = v - u. List the prime factors of v.
2, 3
List the prime factors of (-1)/(-6) - (-189332)/312.
607
Let r(t) = -t + 6. Let u be r(0). Let f = u - 3. Suppose 4*j + 76 = 3*i, f*i + 3*j - 117 = -2*i. List the prime factors of i.
2, 3
Suppose 0 = 7*l + 4968 - 13683. What are the prime factors of l?
3, 5, 83
Suppose -5 = -5*s + 20. Let a(f) = 20*f - 13. List the prime factors of a(s).
3, 29
Let a(z) = -46*z - 64. What are the prime factors of a(-7)?
2, 3, 43
Suppose o - 2*r = 342, 0*o + 2*o + 3*r - 670 = 0. What are the prime factors of o/16 + 7/8 + -1?
3, 7
Let n = -29 + 32. Suppose 2*a = a + 2*d + 115, n*a + 5*d = 323. What are the prime factors of a?
3, 37
Suppose 0 = -3*m + 18 + 54. Suppose -748 = -28*t + m*t. What are the prime factors of t?
11, 17
Let h(s) = 2*s**2 - 13*s - 6. Let a(p) = -p**2 + 2*p - 1. Let c(b) = -a(b) - h(b). Let k = -4 + 11. List the prime factors of c(k).
5, 7
Suppose 10*q - 925 = 5*q + 2*y, -212 = -q - 5*y. List the prime factors of q.
11, 17
Let i = 5 - 8. List the prime factors of 54 - 4 - (0 - 1*i).
47
List the prime factors of -5 - (6 - (-13)/(65/(-3550))).
3, 233
Suppose c + n - 90 = 0, 0*c + 172 = 2*c - 2*n. Let g = 123 + c. List the prime factors of g.
211
Let b = 3510 - 1831. What are the prime factors of b?
23, 73
Suppose 9*t = -29 + 137. List the prime factors of t/(1/((-114)/(-6))).
2, 3, 19
Let b = -80 - -53. Let m = b + 32. List the prime factors of (-1 - -51) + (-15)/m.
47
Let j(l) = 2*l**2 - 3. Let p(f) = -8*f + 58. Let s be p(8). What are the prime factors of j(s)?
3, 23
Let j(l) = -3*l + 2*l - 2*l**2 + 37*l**3 + 14*l**3 + 1 + 3*l**2. List the prime factors of j(1).
2, 13
Let v = 22 + -18. Suppose 7*c - 112 = v*c + 2*y, y + 36 = c. What are the prime factors of c?
2, 5
Let i(b) = 228*b + 61. List the prime factors of i(2).
11, 47
Let s(o) = o**3 + 8*o**2 + 8*o - 7. Let n be ((-3)/6)/((-2)/(-24)). What are the prime factors of s(n)?
17
Let k(m) = 7*m**2 - 2. Suppose 5*b - 15 = -5. Suppose -b*v - 24 = 6*v. List the prime factors of k(v).
61
Suppose 0 = 5*a - b - 8121, 15*a - 13*a + 5*b - 3270 = 0. What are the prime factors of a?
5, 13
Let v be (-23)/((-1)/((-3)/(-3))). Suppose 5*f + v = -2. What are the prime factors of f/(5/3) + 37?
2, 17
Let z be (148/(-10))/(2/(-50)). Let l = -184 + z. List the prime factors of l.
2, 3, 31
Suppose 5*r = 10*h - 13*h + 1665, 563 = h - r. What are the prime factors of h?
2, 5, 7
Let d(w) = -w**2 - 39*w + 38. What are the prime factors of d(-25)?
2, 97
Let p be (-2 + 16)/(3 + -3 + 2). Let b(s) = 30*s - 40. List th